 what is 11010110001101 - 10101?
11010101111000
In base 9, what is -65548 - -13?
-65535
In base 15, what is -a2 + -1891?
-1943
In base 4, what is -330 + -22333?
-23323
In base 15, what is 7b8 + -c7b?
-4b3
In base 13, what is -319 - 1685?
-19a1
In base 5, what is 1 - 1212013?
-1212012
In base 15, what is -8 - -27e7?
27de
In base 15, what is -3 - 23c40b?
-23c40e
In base 13, what is 16 + -2734?
-271b
In base 9, what is 1 - 276080?
-276078
In base 10, what is 56 + -10156?
-10100
In base 10, what is -1 - 22374?
-22375
In base 9, what is 51 + -2854?
-2803
In base 3, what is 10 + -102010101022?
-102010101012
In base 13, what is 18691 + 9?
1869a
In base 16, what is a + 1a3f?
1a49
In base 6, what is 52355053 - -4?
52355101
In base 2, what is -10 + -11011010110?
-11011011000
In base 2, what is 11001110011 - -1000111?
11010111010
In base 8, what is -74 + 15006?
14712
In base 6, what is -150512 - 333?
-151245
In base 11, what is 6169 - 2?
6167
In base 7, what is -65 - -4331?
4233
In base 7, what is 666 - -5421?
6420
In base 10, what is -759 - 186?
-945
In base 11, what is -6a - 20397?
-20456
In base 11, what is -423 + -127?
-54a
In base 7, what is 31 - -15250?
15311
In base 14, what is 16 + d0?
106
In base 11, what is 0 + 235734?
235734
In base 3, what is 1220212220 - 10?
1220212210
In base 9, what is -67 - -6555?
6477
In base 7, what is 2410463 + -5?
2410455
In base 15, what is -e - -3d83?
3d74
In base 15, what is 10 - -ecca?
ecda
In base 13, what is -3 + 816b?
8168
In base 4, what is 20 - -10000003?
10000023
In base 11, what is -19985 + -2?
-19987
In base 10, what is 0 - -298749?
298749
In base 6, what is 5 + 1413434?
1413443
In base 12, what is -3115 - -1?
-3114
In base 2, what is 100111 + -101000100?
-100011101
In base 5, what is 21 + -314023?
-314002
In base 11, what is -179 - 9?
-187
In base 11, what is -207 - 597?
-7a3
In base 15, what is -10c5 + 65?
-1060
In base 4, what is 10023130030 + 1?
10023130031
In base 6, what is -1 + 2402123?
2402122
In base 4, what is -13213322300 - -1?
-13213322233
In base 7, what is -1 + -4464344?
-4464345
In base 14, what is -649468 + -4?
-64946c
In base 5, what is 12024020 + -1?
12024014
In base 14, what is -ca2dcd - -2?
-ca2dcb
In base 14, what is -261 + -9b?
-31c
In base 10, what is 905861 + -2?
905859
In base 13, what is 98 + -54?
44
In base 5, what is -22420402 - -10?
-22420342
In base 7, what is -343 + -2454?
-3130
In base 6, what is -141551 - -145?
-141402
In base 4, what is 220 - 330320?
-330100
In base 13, what is 660 + 10?
670
In base 13, what is 0 - -26ac99?
26ac99
In base 10, what is 3 - -11589?
11592
In base 8, what is 15 - 50270?
-50253
In base 13, what is 1600 + -52?
157b
In base 6, what is 1512003 - 11?
1511552
In base 7, what is -1060 + -63?
-1153
In base 5, what is 20000 - 1033?
13412
In base 8, what is 713 - 645?
46
In base 8, what is -25025 + -40?
-25065
In base 8, what is -205 - 134?
-341
In base 6, what is -12232 + -222?
-12454
In base 6, what is 4 + -22020?
-22012
In base 4, what is 321 + 32201?
33122
In base 14, what is 30827 - 0?
30827
In base 15, what is 4c62 + 5?
4c67
In base 16, what is -47c2 - -18?
-47aa
In base 16, what is -3 + -36b7?
-36ba
In base 5, what is -34404 + 44?
-34310
In base 10, what is -1061086 + 1?
-1061085
In base 3, what is -20 - 11201102212?
-11201110002
In base 12, what is 5595b3 - -2?
5595b5
In base 14, what is -1 - 5a63d?
-5a640
In base 11, what is 1116a + 13a?
112a9
In base 10, what is -9 + 1240?
1231
In base 15, what is -3b39 + 1e?
-3b1a
In base 14, what is a2754 - 2?
a2752
In base 2, what is 1000011110000100 + 11?
1000011110000111
In base 8, what is -451 - -3263?
2612
In base 15, what is 696 - -11c?
7b3
In base 10, what is 3569 + -86?
3483
In base 15, what is -144 + 90?
-a4
In base 10, what is -3 + -290702?
-290705
In base 3, what is 101021111 + 10010?
101101121
In base 10, what is 1340260 - 4?
1340256
In base 12, what is 898 + -1aa3?
-1207
In base 10, what is 3573910 - 3?
3573907
In base 9, what is -14234 + -2?
-14236
In base 7, what is 423 + -4021?
-3265
In base 13, what is -2 + 150ac1?
150abc
In base 15, what is -571 + 465?
-10b
In base 7, what is -406 + 122?
-254
In base 11, what is -17965 - -1?
-17964
In base 12, what is -2527 + -7?
-2532
In base 6, what is 2253432 + 1?
2253433
In base 5, what is 4 - -411343?
411402
In base 16, what is 0 + 2124f?
2124f
In base 15, what is -1d1 - -c?
-1c4
In base 13, what is 188 + -98?
c0
In base 15, what is -4 - d72b4?
-d72b8
In base 9, what is 26418 + 3?
26422
In base 3, what is 1022221121 + 2210?
1100001101
In base 7, what is -230 - -2414?
2154
In base 14, what is -7a90 + -7?
-7a97
In base 6, what is 0 - -2244404?
2244404
In base 13, what is -4 - 1677a7?
-1677ab
In base 8, what is 0 + 53472?
53472
In base 9, what is 1 + 1123523?
1123524
In base 14, what is 7 + 5081?
5088
In base 7, what is 25250 - -33?
25313
In base 13, what is -2498c - -2?
-2498a
In base 16, what is 3b0c8 + 5?
3b0cd
In base 2, what is 11010 - 100001001011?
-100000110001
In base 15, what is -d5d - -60?
-ced
In base 10, what is -4 - -180875?
180871
In base 8, what is -2 - 32525?
-32527
In base 13, what is 36b - 33?
338
In base 11, what is -5a89 - 19?
-5aa7
In base 4, what is -3 + 1021311210?
1021311201
In base 15, what is -2d - -3a98?
3a6a
In base 16, what is 2a - 67a?
-650
In base 13, what is 3 + -11106?
-11103
In base 10, what is -1102 + -247?
-1349
In base 6, what is -540205 + 3?
-540202
In base 11, what is 1402 + -64?
1349
In base 3, what is -2100 - 2010?
-11110
In base 11, what is -192803a - 3?
-1928042
In base 2, what is -1111111 - 11110100?
-101110011
In base 6, what is 2 + 223230?
223232
In base 16, what is -15459f + 2?
-15459d
In base 15, what is 43745b + 4?
437460
In base 13, what is 1 - -6513?
6514
In base 15, what is 1e8b - -131?
20bc
In base 16, what is 3 - -10ce3d?
10ce40
In base 8, what is -4 - -60731?
60725
In base 6, what is -252 - 33442?
-34134
In base 10, what is -488088 + 1?
-488087
In base 13, what is a509a4 - -1?
a509a5
In base 11, what is -1 + 79205?
79204
In base 2, what is 11101111101000100 - 110?
11101111100111110
In base 13, what is -79 + 3c1?
345
In base 15, what is -349 + 15a?
-1de
In base 9, what is 88026 - -3?
88030
In base 10, what is -17355 + 5?
-17350
In base 7, what is -13241 + 5?
-13233
In base 2, what is 1110010110011000010 - 0?
1110010110011000010
In base 12, what is 425387 - 2?
425385
In base 13, what is -5c976 - 0?
-5c976
In base 8, what is 0 - -5051716?
5051716
In base 9, what is -268 + -5?
-274
In base 7, what is -14 - 1316410?
-1316424
In base 11, what is 54 + -1a24a?
-1a1a6
In base 11, what is 1 - -239?
23a
In base 8, what is -56121 + 4?
-56115
In base 12, what is 1157 - b?
1148
In base 7, what is 421255 + -50?
421205
In base 16, what is b50a + -2?
b508
In base 4, what is 1 + -3022131?
-3022130
In base 12, what is -aa41 + 0?
-aa41
In base 9, what is -3 - 31570?
-31573
In base 8, what is 1320053 - 3?
1320050
In base 7, what is -4 - -2452246?
2452242
In base 7, what is 121242 + 6?
121251
In base 11, what is 5 - -27791?
27796
In base 8, what is 2507 + 1671?
4400
In base 7, what is -361 + -2130?
-2521
In base 6, what is 2005100 - 1?
2005055
In base 6, what is -1015250 - 0?
-1015250
In base 16, what is 3cc5 + -2?
3cc3
In base 6, what is 1001 + 245454?
250455
In base 4, what is 100231 - 110003?
-3112
In base 11, what is -10 + -4263?
-4273
In base 9, what is 7 + 51836?
51844
In base 2, what is -1000000 - -11100001100101?
11100000100101
In base 12, what is -768 - -134?
-634
In base 5, what is 2212 + 14013?
21230
In base 2, what is -10100001010 - 1101110?
-10101111000
In base 11, what is 5 + 28699?
286a3
In base 13, what is -5548 - -1c?
-5529
In base 7, what is -14 - 4342?
-4356
In base 2, what is -11100001001010001 + -100?
-11100001001010101
In base 8, what is -405 + -322?
-727
In base 12, what is 0 + 9017?
9017
In base 16, what is -13a89f + 2?
-13a89d
In base 13, what is 71c5 + -1?
71c4
In base 2, what is 1001110111 - 0?
1001110111
In base 8, what is 36 + -1641?
-1603
In base 5, what is -101 - 3322?
-3423
In base 16, what is b405 + 12?
b417
In base 4, what is 101130 - -2?
101132
In base 16, what is 120 - ec?
34
In base 6, what is -21 + 341134?
341113
In base 10, what is -5 + 7422?
7417
In base 2, what is -100111010001 